{"id":2986,"date":"2022-06-30T13:52:12","date_gmt":"2022-06-30T11:52:12","guid":{"rendered":"https:\/\/szkolenia-udt.pl\/?page_id=2986"},"modified":"2023-03-24T20:34:25","modified_gmt":"2023-03-24T19:34:25","slug":"anlagenwartungstechniker","status":"publish","type":"page","link":"https:\/\/szkolenia-udt.pl\/de\/kursy\/uprawnienia-udt-tdt-wdt\/konserwator-urzadzen\/","title":{"rendered":"Kurs zur Instandhaltung behinderter Einrichtungen"},"content":{"rendered":"<div class=\"wp-block-image\">\n<figure class=\"alignleft size-large is-resized\"><a href=\"https:\/\/szkolenia-udt.pl\/wp-content\/uploads\/2022\/06\/oso.edu_.pl-0027.jpg\"><img loading=\"lazy\" decoding=\"async\" src=\"https:\/\/szkolenia-udt.pl\/wp-content\/uploads\/2022\/06\/oso.edu_.pl-0027-1024x768.jpg\" alt=\"Fotogalerie von Teilnehmern an Kursen zur Instandhaltung von Ger\u00e4ten f\u00fcr Menschen mit Behinderungen\" class=\"wp-image-2987\" width=\"512\" height=\"384\" srcset=\"https:\/\/szkolenia-udt.pl\/wp-content\/uploads\/2022\/06\/oso.edu_.pl-0027-1024x768.jpg 1024w, https:\/\/szkolenia-udt.pl\/wp-content\/uploads\/2022\/06\/oso.edu_.pl-0027-300x225.jpg 300w, https:\/\/szkolenia-udt.pl\/wp-content\/uploads\/2022\/06\/oso.edu_.pl-0027-768x576.jpg 768w, https:\/\/szkolenia-udt.pl\/wp-content\/uploads\/2022\/06\/oso.edu_.pl-0027-135x100.jpg 135w, https:\/\/szkolenia-udt.pl\/wp-content\/uploads\/2022\/06\/oso.edu_.pl-0027.jpg 1067w\" sizes=\"auto, (max-width: 512px) 100vw, 512px\" \/><\/a><\/figure>\n<\/div>\n\n\n<h2 class=\"wp-block-heading\">Technische \u00dcberwachung<\/h2>\n\n\n\n<p>Die Gesetzgebung sieht vor, dass Ger\u00e4te f\u00fcr Menschen mit Behinderungen der technischen \u00dcberwachung unterliegen. Das bedeutet, dass jeder, der an der Wartung dieser Ger\u00e4te interessiert ist, ein vom Technischen \u00dcberwachungsverein genehmigtes Zertifikat erwerben muss. Der erste Schritt zur Erlangung eines Zulassungszertifikats ist die Teilnahme an einem Kurs zur Vorbereitung auf die UDT-Zertifizierung f\u00fcr die Wartung von Plattformen.\u00a0\u00a0<\/p>\n\n\n\n<h2 class=\"wp-block-heading\"><strong>Ausbildung in CSOs<\/strong>&nbsp;<\/h2>\n\n\n\n<p>Mit der Teilnahme an unserem Kurs \u00fcber die Wartung und den Einbau von Spezialger\u00e4ten f\u00fcr Behinderte erhalten Sie eine umfassende Ausbildung, die Sie f\u00fcr Ihre Arbeit in diesem Bereich ben\u00f6tigen. Eine ausf\u00fchrliche Beschreibung des Kurses f\u00fcr behindertengerechte Ausr\u00fcstung finden Sie im OSO-Angebot. Solche Kurse werden von zertifizierten Instandhaltern und Monteuren durchgef\u00fchrt, so dass wir sicher sind, dass die <a href=\"https:\/\/szkolenia-udt.pl\/de\/kursy\/\">unsere Ausbildungskurse<\/a> wird auf h\u00f6chstem Niveau sein.&nbsp;<\/p>\n\n\n\n<h2 class=\"wp-block-heading\"><strong>Umfang der Ausbildung<\/strong>\u00a0<\/h2>\n\n\n\n<p>Unser Training umfasst:&nbsp;<\/p>\n\n\n\n<ul class=\"wp-block-list\">\n<li>Installation von Spezialger\u00e4ten f\u00fcr Menschen mit Behinderungen,&nbsp;<\/li>\n\n\n\n<li>ihre ordnungsgem\u00e4\u00dfe Instandhaltung.\u00a0<\/li>\n<\/ul>\n\n\n<div class=\"wp-block-image\">\n<figure class=\"alignright size-full is-resized\"><a href=\"https:\/\/szkolenia-udt.pl\/wp-content\/uploads\/2022\/06\/oso.edu_.pl-0027.png\"><img loading=\"lazy\" decoding=\"async\" src=\"https:\/\/szkolenia-udt.pl\/wp-content\/uploads\/2022\/06\/oso.edu_.pl-0027.png\" alt=\"eine behinderte Person, die sich in einem Krankenhaus auf einer Plattform bewegt\" class=\"wp-image-2988\" width=\"500\" height=\"334\" srcset=\"https:\/\/szkolenia-udt.pl\/wp-content\/uploads\/2022\/06\/oso.edu_.pl-0027.png 1000w, https:\/\/szkolenia-udt.pl\/wp-content\/uploads\/2022\/06\/oso.edu_.pl-0027-300x200.png 300w, https:\/\/szkolenia-udt.pl\/wp-content\/uploads\/2022\/06\/oso.edu_.pl-0027-768x512.png 768w\" sizes=\"auto, (max-width: 500px) 100vw, 500px\" \/><\/a><\/figure>\n<\/div>\n\n\n<h2 class=\"wp-block-heading\"><strong>Was werden Sie w\u00e4hrend des Kurses lernen?<\/strong>&nbsp;<\/h2>\n\n\n\n<p>Der Unterricht besteht aus zwei Modulen - Theorie und Praxis. Im ersten Modul lernen die Teilnehmer grundlegende Informationen \u00fcber:&nbsp;<\/p>\n\n\n\n<ul class=\"wp-block-list\">\n<li>Art und Bau von Plattformen f\u00fcr den Transport von Menschen mit Behinderungen,&nbsp;<\/li>\n\n\n\n<li>typische M\u00e4ngel, mit denen Wartungstechniker bei der Handhabung von Ger\u00e4ten konfrontiert werden,&nbsp;<\/li>\n\n\n\n<li>gesetzliche Bestimmungen \u00fcber die Arbeit eines Wartungsarbeiters f\u00fcr Menschen mit Behinderungen,&nbsp;<\/li>\n\n\n\n<li>Aufgaben als Techniker f\u00fcr die Wartung von Ger\u00e4ten,&nbsp;<\/li>\n\n\n\n<li>Gesundheits- und Sicherheitsvorschriften.&nbsp;<\/li>\n<\/ul>\n\n\n\n<h2 class=\"wp-block-heading\"><strong>Berechtigungen<\/strong>&nbsp;<\/h2>\n\n\n\n<p>Das UDT-Zertifikat ist eine Best\u00e4tigung Ihrer erworbenen F\u00e4higkeiten und ein Nachweis f\u00fcr Ihre Qualifikationen. Nur so k\u00f6nnen Sie legal mit behindertengerechten Ger\u00e4ten umgehen. Die Berechtigung zum Betrieb und zur Wartung von Ladeplattformen f\u00fcr die Bef\u00f6rderung von Menschen mit Behinderungen ist f\u00fcr einen Zeitraum von f\u00fcnf Jahren ab Ausstellung g\u00fcltig.&nbsp;<strong>&nbsp;<\/strong>&nbsp;<\/p>\n\n\n\n<h2 class=\"wp-block-heading\"><strong>Voraussetzungen f\u00fcr die Teilnahme an dem Kurs<\/strong>&nbsp;<\/h2>\n\n\n\n<p>Um sich f\u00fcr den Kurs anzumelden und damit die UDT-Qualifikation zu erwerben, m\u00fcssen drei Voraussetzungen erf\u00fcllt sein:&nbsp;<\/p>\n\n\n\n<ul class=\"wp-block-list\">\n<li>\u00fcber 18 Jahre alt sein,&nbsp;<\/li>\n\n\n\n<li>mindestens die Primarschule abgeschlossen haben,&nbsp;<\/li>\n\n\n\n<li>keine gesundheitlichen Gegenanzeigen f\u00fcr den Beruf des Konservators zu haben.&nbsp;<\/li>\n<\/ul>\n\n\n\n<h2 class=\"wp-block-heading\"><strong>Zust\u00e4ndigkeiten des Konservators<\/strong>&nbsp;<\/h2>\n\n\n\n<p>Zu den Aufgaben des Ger\u00e4tewarts geh\u00f6ren unter anderem folgende T\u00e4tigkeiten:&nbsp;<\/p>\n\n\n\n<ul class=\"dwiekolumny wp-block-list\">\n<li>Regelm\u00e4\u00dfige technische Inspektionen,&nbsp;<\/li>\n\n\n\n<li>erste technische Inspektionen,\u00a0<\/li>\n\n\n\n<li>Instandhaltung und Modernisierung der Ausr\u00fcstung,&nbsp;<\/li>\n\n\n\n<li>Austausch von Teilen und Fl\u00fcssigkeiten,&nbsp;<\/li>\n\n\n\n<li>Behebung von M\u00e4ngeln,&nbsp;<\/li>\n\n\n\n<li>Verh\u00fctung von Unf\u00e4llen,&nbsp;<\/li>\n\n\n\n<li>Vervollst\u00e4ndigung der technischen Dokumentation der Ger\u00e4te.&nbsp;<\/li>\n<\/ul>\n\n\n\n<h2 class=\"wp-block-heading\"><strong>Was sind Ger\u00e4te f\u00fcr Menschen mit Behinderungen?<\/strong>&nbsp;<\/h2>\n\n\n\n<p>Zu den beliebtesten Ger\u00e4ten dieser Art geh\u00f6ren Plattformen. Sie sind in B\u00fcros, Krankenh\u00e4usern und anderen \u00f6ffentlichen Einrichtungen zu finden. Hier sind Beispiele f\u00fcr diese Art von Ger\u00e4ten:&nbsp;<\/p>\n\n\n\n<ul class=\"dwiekolumny wp-block-list\">\n<li>Sessellifte,&nbsp;<\/li>\n\n\n\n<li>Stufenplattformen,\u00a0<\/li>\n\n\n\n<li>vertikale Plattformen,\u00a0<\/li>\n\n\n\n<li>vertikale Plattformen ohne Schacht.\u00a0<\/li>\n<\/ul>\n\n\n\n<h2 class=\"wp-block-heading\"><strong>Wer sind wir? - CSOS<\/strong>\u00a0<\/h2>\n\n\n\n<p>Seit vielen Jahren bieten wir umfassende Schulungsdienstleistungen f\u00fcr verschiedene Berufsgruppen an. Unser Angebot umfasst u.a. <a href=\"https:\/\/szkolenia-udt.pl\/de\/kursy\/szkolenie-audytorskie-udt\/\">UDT-Ausbildung<\/a> und HDS sowie Schulungen in den Bereichen Gesundheit und Sicherheit, Brandschutz und Erste Hilfe. Bei uns erwerben Sie nicht nur die erforderlichen F\u00e4higkeiten, sondern lernen auch, wie Sie sicher arbeiten k\u00f6nnen.&nbsp;<\/p>\n\n\n\n<h2 class=\"wp-block-heading\"><strong>Weitere Informationen zum Kurs<\/strong>&nbsp;<\/h2>\n\n\n\n<p>Wir bieten offene und geschlossene Schulungen an. Wir schulen in ganz Polen, auch in Warschau. Organisierte Gruppen und Firmeninhaber <a href=\"https:\/\/szkolenia-udt.pl\/de\/kontakt\/\">Bitte kontaktieren Sie uns<\/a> um das Datum und den Ort der Schulung zu bestimmen. Aufgrund der Gr\u00f6\u00dfe der Gruppen und der Art der Schulung legen wir die Preise individuell mit dem Kunden fest!&nbsp;<\/p>\n\n\n\n<p>Informieren Sie sich \u00fcber unser aktuelles Angebot an offenen Kursen!&nbsp;<\/p>\n\n\n\n<h2 class=\"wp-block-heading\"><strong>Wir beantworten gerne Ihre Fragen!<\/strong>\u00a0<\/h2>\n\n\n\n<p>Wenn Sie Fragen zu unseren Dienstleistungen haben, stehen wir Ihnen jederzeit zur Verf\u00fcgung - bitte kontaktieren Sie uns. Werfen Sie einen Blick auf unser <a href=\"https:\/\/szkolenia-udt.pl\/de\/oferta\/\">vollst\u00e4ndiges Angebot<\/a> Wir m\u00f6chten Sie ermutigen, unsere Dienste in Anspruch zu nehmen!&nbsp;&nbsp;&nbsp;<\/p>\n\n\n<div class=\"wp-block-image\">\n<figure class=\"aligncenter\"><a href=\"https:\/\/szkolenia-udt.pl\/wp-content\/uploads\/2022\/06\/0027-oso-urzadzenia-dla-osob-niepelnosprawnych.jpg\"><img loading=\"lazy\" decoding=\"async\" width=\"1024\" height=\"853\" src=\"https:\/\/szkolenia-udt.pl\/wp-content\/uploads\/2022\/06\/0027-oso-urzadzenia-dla-osob-niepelnosprawnych-1024x853.jpg\" alt=\"grafische Werbung f\u00fcr die Ausbildung\" class=\"wp-image-2990\" srcset=\"https:\/\/szkolenia-udt.pl\/wp-content\/uploads\/2022\/06\/0027-oso-urzadzenia-dla-osob-niepelnosprawnych-1024x853.jpg 1024w, https:\/\/szkolenia-udt.pl\/wp-content\/uploads\/2022\/06\/0027-oso-urzadzenia-dla-osob-niepelnosprawnych-300x250.jpg 300w, https:\/\/szkolenia-udt.pl\/wp-content\/uploads\/2022\/06\/0027-oso-urzadzenia-dla-osob-niepelnosprawnych-768x640.jpg 768w, https:\/\/szkolenia-udt.pl\/wp-content\/uploads\/2022\/06\/0027-oso-urzadzenia-dla-osob-niepelnosprawnych.jpg 1200w\" sizes=\"auto, (max-width: 1024px) 100vw, 1024px\" \/><\/a><\/figure>\n<\/div>","protected":false},"excerpt":{"rendered":"<p>Doz\u00f3r techniczny Wed\u0142ug przepis\u00f3w prawnych, urz\u0105dzenia dla os\u00f3b niepe\u0142nosprawnych s\u0105 obj\u0119te dozorem technicznym. Oznacza to, \u017ce dla wszystkich, kt\u00f3rzy s\u0105 zainteresowani prac\u0105 przy konserwacji tych maszyn, niezb\u0119dne b\u0119dzie uzyskanie certyfikatu zatwierdzonego przez Urz\u0105d Dozoru Technicznego. Pierwszym krokiem, jaki nale\u017cy wykona\u0107, by otrzyma\u0107 za\u015bwiadczenie uprawniaj\u0105ce, jest do\u0142\u0105czenie do kursu przygotowuj\u0105cego do uzyskania uprawnie\u0144 UDT w zakresie [&hellip;]<\/p>\n","protected":false},"author":10,"featured_media":2987,"parent":2266,"menu_order":0,"comment_status":"closed","ping_status":"closed","template":"","meta":{"footnotes":""},"class_list":["post-2986","page","type-page","status-publish","has-post-thumbnail","hentry"],"aioseo_notices":[],"_links":{"self":[{"href":"https:\/\/szkolenia-udt.pl\/de\/wp-json\/wp\/v2\/pages\/2986","targetHints":{"allow":["GET"]}}],"collection":[{"href":"https:\/\/szkolenia-udt.pl\/de\/wp-json\/wp\/v2\/pages"}],"about":[{"href":"https:\/\/szkolenia-udt.pl\/de\/wp-json\/wp\/v2\/types\/page"}],"author":[{"embeddable":true,"href":"https:\/\/szkolenia-udt.pl\/de\/wp-json\/wp\/v2\/users\/10"}],"replies":[{"embeddable":true,"href":"https:\/\/szkolenia-udt.pl\/de\/wp-json\/wp\/v2\/comments?post=2986"}],"version-history":[{"count":7,"href":"https:\/\/szkolenia-udt.pl\/de\/wp-json\/wp\/v2\/pages\/2986\/revisions"}],"predecessor-version":[{"id":4708,"href":"https:\/\/szkolenia-udt.pl\/de\/wp-json\/wp\/v2\/pages\/2986\/revisions\/4708"}],"up":[{"embeddable":true,"href":"https:\/\/szkolenia-udt.pl\/de\/wp-json\/wp\/v2\/pages\/2266"}],"wp:featuredmedia":[{"embeddable":true,"href":"https:\/\/szkolenia-udt.pl\/de\/wp-json\/wp\/v2\/media\/2987"}],"wp:attachment":[{"href":"https:\/\/szkolenia-udt.pl\/de\/wp-json\/wp\/v2\/media?parent=2986"}],"curies":[{"name":"wp","href":"https:\/\/api.w.org\/{rel}","templated":true}]}}

<div class="wp-block-image">
<figure class="alignleft size-large is-resized"><a href="https://szkolenia-udt.pl/wp-content/uploads/2022/06/oso.edu_.pl-0027.jpg"><img loading="lazy" decoding="async" src="https://szkolenia-udt.pl/wp-content/uploads/2022/06/oso.edu_.pl-0027-1024x768.jpg" alt="Fotogalerie von Teilnehmern an Kursen zur Instandhaltung von Geräten für Menschen mit Behinderungen" class="wp-image-2987" width="512" height="384" srcset="https://szkolenia-udt.pl/wp-content/uploads/2022/06/oso.edu_.pl-0027-1024x768.jpg 1024w, https://szkolenia-udt.pl/wp-content/uploads/2022/06/oso.edu_.pl-0027-300x225.jpg 300w, https://szkolenia-udt.pl/wp-content/uploads/2022/06/oso.edu_.pl-0027-768x576.jpg 768w, https://szkolenia-udt.pl/wp-content/uploads/2022/06/oso.edu_.pl-0027-135x100.jpg 135w, https://szkolenia-udt.pl/wp-content/uploads/2022/06/oso.edu_.pl-0027.jpg 1067w" sizes="auto, (max-width: 512px) 100vw, 512px" /></a></figure>
</div>


<h2 class="wp-block-heading">Technische Überwachung</h2>



<p>Die Gesetzgebung sieht vor, dass Geräte für Menschen mit Behinderungen der technischen Überwachung unterliegen. Das bedeutet, dass jeder, der an der Wartung dieser Geräte interessiert ist, ein vom Technischen Überwachungsverein genehmigtes Zertifikat erwerben muss. Der erste Schritt zur Erlangung eines Zulassungszertifikats ist die Teilnahme an einem Kurs zur Vorbereitung auf die UDT-Zertifizierung für die Wartung von Plattformen.  </p>



<h2 class="wp-block-heading"><strong>Ausbildung in CSOs</strong>&nbsp;</h2>



<p>Mit der Teilnahme an unserem Kurs über die Wartung und den Einbau von Spezialgeräten für Behinderte erhalten Sie eine umfassende Ausbildung, die Sie für Ihre Arbeit in diesem Bereich benötigen. Eine ausführliche Beschreibung des Kurses für behindertengerechte Ausrüstung finden Sie im OSO-Angebot. Solche Kurse werden von zertifizierten Instandhaltern und Monteuren durchgeführt, so dass wir sicher sind, dass die <a href="https://szkolenia-udt.pl/de/kursy/">unsere Ausbildungskurse</a> wird auf höchstem Niveau sein.&nbsp;</p>



<h2 class="wp-block-heading"><strong>Umfang der Ausbildung</strong> </h2>



<p>Unser Training umfasst:&nbsp;</p>



<ul class="wp-block-list">
<li>Installation von Spezialgeräten für Menschen mit Behinderungen,&nbsp;</li>



<li>ihre ordnungsgemäße Instandhaltung. </li>
</ul>


<div class="wp-block-image">
<figure class="alignright size-full is-resized"><a href="https://szkolenia-udt.pl/wp-content/uploads/2022/06/oso.edu_.pl-0027.png"><img loading="lazy" decoding="async" src="https://szkolenia-udt.pl/wp-content/uploads/2022/06/oso.edu_.pl-0027.png" alt="eine behinderte Person, die sich in einem Krankenhaus auf einer Plattform bewegt" class="wp-image-2988" width="500" height="334" srcset="https://szkolenia-udt.pl/wp-content/uploads/2022/06/oso.edu_.pl-0027.png 1000w, https://szkolenia-udt.pl/wp-content/uploads/2022/06/oso.edu_.pl-0027-300x200.png 300w, https://szkolenia-udt.pl/wp-content/uploads/2022/06/oso.edu_.pl-0027-768x512.png 768w" sizes="auto, (max-width: 500px) 100vw, 500px" /></a></figure>
</div>


<h2 class="wp-block-heading"><strong>Was werden Sie während des Kurses lernen?</strong>&nbsp;</h2>



<p>Der Unterricht besteht aus zwei Modulen - Theorie und Praxis. Im ersten Modul lernen die Teilnehmer grundlegende Informationen über:&nbsp;</p>



<ul class="wp-block-list">
<li>Art und Bau von Plattformen für den Transport von Menschen mit Behinderungen,&nbsp;</li>



<li>typische Mängel, mit denen Wartungstechniker bei der Handhabung von Geräten konfrontiert werden,&nbsp;</li>



<li>gesetzliche Bestimmungen über die Arbeit eines Wartungsarbeiters für Menschen mit Behinderungen,&nbsp;</li>



<li>Aufgaben als Techniker für die Wartung von Geräten,&nbsp;</li>



<li>Gesundheits- und Sicherheitsvorschriften.&nbsp;</li>
</ul>



<h2 class="wp-block-heading"><strong>Berechtigungen</strong>&nbsp;</h2>



<p>Das UDT-Zertifikat ist eine Bestätigung Ihrer erworbenen Fähigkeiten und ein Nachweis für Ihre Qualifikationen. Nur so können Sie legal mit behindertengerechten Geräten umgehen. Die Berechtigung zum Betrieb und zur Wartung von Ladeplattformen für die Beförderung von Menschen mit Behinderungen ist für einen Zeitraum von fünf Jahren ab Ausstellung gültig.&nbsp;<strong>&nbsp;</strong>&nbsp;</p>



<h2 class="wp-block-heading"><strong>Voraussetzungen für die Teilnahme an dem Kurs</strong>&nbsp;</h2>



<p>Um sich für den Kurs anzumelden und damit die UDT-Qualifikation zu erwerben, müssen drei Voraussetzungen erfüllt sein:&nbsp;</p>



<ul class="wp-block-list">
<li>über 18 Jahre alt sein,&nbsp;</li>



<li>mindestens die Primarschule abgeschlossen haben,&nbsp;</li>



<li>keine gesundheitlichen Gegenanzeigen für den Beruf des Konservators zu haben.&nbsp;</li>
</ul>



<h2 class="wp-block-heading"><strong>Zuständigkeiten des Konservators</strong>&nbsp;</h2>



<p>Zu den Aufgaben des Gerätewarts gehören unter anderem folgende Tätigkeiten:&nbsp;</p>



<ul class="dwiekolumny wp-block-list">
<li>Regelmäßige technische Inspektionen,&nbsp;</li>



<li>erste technische Inspektionen, </li>



<li>Instandhaltung und Modernisierung der Ausrüstung,&nbsp;</li>



<li>Austausch von Teilen und Flüssigkeiten,&nbsp;</li>



<li>Behebung von Mängeln,&nbsp;</li>



<li>Verhütung von Unfällen,&nbsp;</li>



<li>Vervollständigung der technischen Dokumentation der Geräte.&nbsp;</li>
</ul>



<h2 class="wp-block-heading"><strong>Was sind Geräte für Menschen mit Behinderungen?</strong>&nbsp;</h2>



<p>Zu den beliebtesten Geräten dieser Art gehören Plattformen. Sie sind in Büros, Krankenhäusern und anderen öffentlichen Einrichtungen zu finden. Hier sind Beispiele für diese Art von Geräten:&nbsp;</p>



<ul class="dwiekolumny wp-block-list">
<li>Sessellifte,&nbsp;</li>



<li>Stufenplattformen, </li>



<li>vertikale Plattformen, </li>



<li>vertikale Plattformen ohne Schacht. </li>
</ul>



<h2 class="wp-block-heading"><strong>Wer sind wir? - CSOS</strong> </h2>



<p>Seit vielen Jahren bieten wir umfassende Schulungsdienstleistungen für verschiedene Berufsgruppen an. Unser Angebot umfasst u.a. <a href="https://szkolenia-udt.pl/de/kursy/szkolenie-audytorskie-udt/">UDT-Ausbildung</a> und HDS sowie Schulungen in den Bereichen Gesundheit und Sicherheit, Brandschutz und Erste Hilfe. Bei uns erwerben Sie nicht nur die erforderlichen Fähigkeiten, sondern lernen auch, wie Sie sicher arbeiten können.&nbsp;</p>



<h2 class="wp-block-heading"><strong>Weitere Informationen zum Kurs</strong>&nbsp;</h2>



<p>Wir bieten offene und geschlossene Schulungen an. Wir schulen in ganz Polen, auch in Warschau. Organisierte Gruppen und Firmeninhaber <a href="https://szkolenia-udt.pl/de/kontakt/">Bitte kontaktieren Sie uns</a> um das Datum und den Ort der Schulung zu bestimmen. Aufgrund der Größe der Gruppen und der Art der Schulung legen wir die Preise individuell mit dem Kunden fest!&nbsp;</p>



<p>Informieren Sie sich über unser aktuelles Angebot an offenen Kursen!&nbsp;</p>



<h2 class="wp-block-heading"><strong>Wir beantworten gerne Ihre Fragen!</strong> </h2>



<p>Wenn Sie Fragen zu unseren Dienstleistungen haben, stehen wir Ihnen jederzeit zur Verfügung - bitte kontaktieren Sie uns. Werfen Sie einen Blick auf unser <a href="https://szkolenia-udt.pl/de/oferta/">vollständiges Angebot</a> Wir möchten Sie ermutigen, unsere Dienste in Anspruch zu nehmen!&nbsp;&nbsp;&nbsp;</p>


<div class="wp-block-image">
<figure class="aligncenter"><a href="https://szkolenia-udt.pl/wp-content/uploads/2022/06/0027-oso-urzadzenia-dla-osob-niepelnosprawnych.jpg"><img loading="lazy" decoding="async" width="1024" height="853" src="https://szkolenia-udt.pl/wp-content/uploads/2022/06/0027-oso-urzadzenia-dla-osob-niepelnosprawnych-1024x853.jpg" alt="grafische Werbung für die Ausbildung" class="wp-image-2990" srcset="https://szkolenia-udt.pl/wp-content/uploads/2022/06/0027-oso-urzadzenia-dla-osob-niepelnosprawnych-1024x853.jpg 1024w, https://szkolenia-udt.pl/wp-content/uploads/2022/06/0027-oso-urzadzenia-dla-osob-niepelnosprawnych-300x250.jpg 300w, https://szkolenia-udt.pl/wp-content/uploads/2022/06/0027-oso-urzadzenia-dla-osob-niepelnosprawnych-768x640.jpg 768w, https://szkolenia-udt.pl/wp-content/uploads/2022/06/0027-oso-urzadzenia-dla-osob-niepelnosprawnych.jpg 1200w" sizes="auto, (max-width: 1024px) 100vw, 1024px" /></a></figure>
</div>

<p>Dozór techniczny Według przepisów prawnych, urządzenia dla osób niepełnosprawnych są objęte dozorem technicznym. Oznacza to, że dla wszystkich, którzy są zainteresowani pracą przy konserwacji tych maszyn, niezbędne będzie uzyskanie certyfikatu zatwierdzonego przez Urząd Dozoru Technicznego. Pierwszym krokiem, jaki należy wykonać, by otrzymać zaświadczenie uprawniające, jest dołączenie do kursu przygotowującego do uzyskania uprawnień UDT w zakresie [&hellip;]</p>
