{"id":3192,"date":"2022-08-30T11:06:31","date_gmt":"2022-08-30T09:06:31","guid":{"rendered":"https:\/\/szkolenia-udt.pl\/?page_id=3192"},"modified":"2023-05-22T15:18:49","modified_gmt":"2023-05-22T13:18:49","slug":"acudimos-al-rescate","status":"publish","type":"page","link":"https:\/\/szkolenia-udt.pl\/es\/kursy\/bhp-ppoz\/przychodzimy-z-pomoca\/","title":{"rendered":"Formaci\u00f3n en salud y seguridad en el trabajo"},"content":{"rendered":"<h2 class=\"wp-block-heading\">Nos preocupamos por el desarrollo\u00a0<\/h2>\n\n\n\n<p>Nuestra empresa lleva a\u00f1os impartiendo diversos cursos de formaci\u00f3n y transmitiendo conocimientos profesionales a nuestros alumnos. A usted le corresponde decidir si desea enviarnos a su empleado para que obtenga los conocimientos necesarios desde la perspectiva de un empresario. Como dice el C\u00f3digo Laboral, es esencial que en el lugar de trabajo se tomen todas las medidas necesarias en caso de incendio, necesidad de evacuaci\u00f3n o percances repentinos entre la plantilla. Adem\u00e1s, debe designarse un grupo espec\u00edfico de empleados que puedan llevar a cabo tales procedimientos de rescate. Por eso es tan importante una formaci\u00f3n adecuada en este \u00e1mbito. &nbsp;<\/p>\n\n\n\n<h2 class=\"wp-block-heading\">Formaci\u00f3n de alto nivel\u00a0<\/h2>\n\n\n\n<p>Ofrecemos formaci\u00f3n profesional para sus empleados. Remitirles a la formaci\u00f3n de nuestra empresa les garantizar\u00e1 un alto nivel de aprendizaje. Nuestro programa \"Primeros auxilios en emergencias vitales y sanitarias\" les prepara para actuar en situaciones de emergencia que requieran una actuaci\u00f3n inmediata. Para inscribirse en un curso, p\u00f3ngase en contacto con nosotros. Tenemos una sucursal en la mayor\u00eda de las ciudades polacas, y nos desplazamos al lugar indicado previa solicitud.&nbsp;<\/p>\n\n\n<div class=\"wp-block-image\">\n<figure class=\"alignright size-large is-resized\"><a href=\"https:\/\/szkolenia-udt.pl\/wp-content\/uploads\/2023\/05\/screen_2x-2023-05-22T151512.006.jpg\"><img loading=\"lazy\" decoding=\"async\" src=\"https:\/\/szkolenia-udt.pl\/wp-content\/uploads\/2023\/05\/screen_2x-2023-05-22T151512.006-1024x684.jpg\" alt=\"Botiqu\u00edn de primeros auxilios\" class=\"wp-image-5236\" width=\"512\" height=\"342\" srcset=\"https:\/\/szkolenia-udt.pl\/wp-content\/uploads\/2023\/05\/screen_2x-2023-05-22T151512.006-1024x684.jpg 1024w, https:\/\/szkolenia-udt.pl\/wp-content\/uploads\/2023\/05\/screen_2x-2023-05-22T151512.006-300x200.jpg 300w, https:\/\/szkolenia-udt.pl\/wp-content\/uploads\/2023\/05\/screen_2x-2023-05-22T151512.006-768x513.jpg 768w, https:\/\/szkolenia-udt.pl\/wp-content\/uploads\/2023\/05\/screen_2x-2023-05-22T151512.006-1536x1025.jpg 1536w, https:\/\/szkolenia-udt.pl\/wp-content\/uploads\/2023\/05\/screen_2x-2023-05-22T151512.006-18x12.jpg 18w, https:\/\/szkolenia-udt.pl\/wp-content\/uploads\/2023\/05\/screen_2x-2023-05-22T151512.006.jpg 1600w\" sizes=\"auto, (max-width: 512px) 100vw, 512px\" \/><\/a><\/figure>\n<\/div>\n\n\n<ul class=\"wp-block-list\">\n<li>Hacemos todo lo posible por impartir conocimientos valiosos y preparar a nuestros alumnos para que se enfrenten a situaciones cr\u00edticas. Por eso la formaci\u00f3n que ofrecemos incluye una parte pr\u00e1ctica y otra te\u00f3rica. Las clases de teor\u00eda consisten en:&nbsp;<\/li>\n\n\n\n<li>Normativa y legislaci\u00f3n,&nbsp;<\/li>\n\n\n\n<li>Instrucciones sobre c\u00f3mo llamar para obtener la asistencia adecuada con una lista de n\u00fameros necesarios,&nbsp;<\/li>\n\n\n\n<li>Explicaciones sobre qu\u00e9 hacer en caso de evacuaci\u00f3n,&nbsp;<\/li>\n\n\n\n<li>Principios para asegurar el entorno de la persona lesionada,&nbsp;<\/li>\n\n\n\n<li>Comportamiento en caso de lesiones diversas (fracturas, quemaduras, accidentes cerebrovasculares, etc.),\u00a0<\/li>\n\n\n\n<li>Comportamiento ante los riesgos de la vida y la salud (intoxicaci\u00f3n, desmayo, infarto, par\u00e1lisis),&nbsp;<\/li>\n\n\n\n<li>Instrucciones para evaluar las constantes vitales de un herido.&nbsp;<\/li>\n<\/ul>\n\n\n\n<p>La parte pr\u00e1ctica, importante complemento de la teor\u00eda, incluye:&nbsp;<\/p>\n\n\n\n<ul class=\"wp-block-list\">\n<li>Aprender a comportarse en casos de accidentes de tr\u00e1fico, descargas el\u00e9ctricas, ahogos, desmayos, lesiones en las extremidades o en las v\u00e9rtebras o atragantamientos,&nbsp;<\/li>\n\n\n\n<li>Instrucciones para colocar al herido en posici\u00f3n lateral de seguridad,&nbsp;<\/li>\n\n\n\n<li>Organizar la evacuaci\u00f3n de la zona afectada,&nbsp;<\/li>\n\n\n\n<li>Realizaci\u00f3n de reanimaci\u00f3n (RCP).&nbsp;<\/li>\n<\/ul>\n\n\n\n<figure class=\"wp-block-table\"><table><tbody><tr><td>Etapa del curso pr\u00e1ctico&nbsp;<\/td><td>Formaci\u00f3n en RCP (Parte I)&nbsp;&nbsp;<\/td><td>Organizaci\u00f3n de la evacuaci\u00f3n (Parte II)&nbsp;&nbsp;<\/td><td>Aprender a lidiar con diferentes situaciones (Parte III)&nbsp;&nbsp;<\/td><\/tr><tr><td>Lugar de formaci\u00f3n&nbsp;<\/td><td>Sala de pr\u00e1cticas&nbsp;<\/td><td>Interior del edificio <a href=\"https:\/\/szkolenia-udt.pl\/es\/o-firmie\/\">centro<\/a>&nbsp;<\/td><td>Sala de pr\u00e1cticas&nbsp;<\/td><\/tr><\/tbody><\/table><\/figure>\n\n\n\n<h2 class=\"wp-block-heading\">Necesidad de formaci\u00f3n\u00a0<\/h2>\n\n\n\n<p>Probablemente la mayor\u00eda de nosotros nos hemos preguntado alguna vez: \"\u00bfQu\u00e9 pasar\u00eda si me encontrara en una situaci\u00f3n en la que tuviera que salvar la vida de alguien? - nuestra formaci\u00f3n viene acompa\u00f1ada de una respuesta a esta pregunta. Situaciones como \u00e9sta pueden ocurrirle a cualquiera todos los d\u00edas, as\u00ed que vale la pena conocer los principios de los primeros auxilios para uno mismo y para los suyos, pero tambi\u00e9n para poder ayudarles en el trabajo si es necesario. Nunca sabemos cu\u00e1ndo alguien a nuestro lado necesitar\u00e1 ayuda r\u00e1pida antes de que lleguen los servicios adecuados.\u00a0<\/p>\n\n\n\n<h2 class=\"wp-block-heading\">Nos adaptamos a usted\u00a0<\/h2>\n\n\n\n<p>Algo que diferencia a nuestros cursos del resto es la gran flexibilidad para adaptarse a sus necesidades. Intentaremos ampliar los temas de nuestras clases para incluir los peligros espec\u00edficos que aguardan en su empresa. Tendremos en cuenta los lugares de trabajo individuales e intentaremos preparar un curso para cualquier puesto elegido por el cliente. <a href=\"https:\/\/szkolenia-udt.pl\/es\/kursy\/\">Nuestra formaci\u00f3n<\/a> se dividen en abiertos y cerrados. Las primeras se aplican a todos los que est\u00e9n interesados en adquirir conocimientos especializados con nosotros, mientras que las segundas est\u00e1n abiertas a grupos seleccionados enviados por sus superiores o instituciones especializadas. Nuestra infraestructura es rica en diferentes tipos de salas de formaci\u00f3n, diversos accesorios o maniqu\u00edes especialmente fabricados para el aprendizaje de la RCP. Como resultado, la experiencia de aprendizaje da excelentes resultados y nuestros clientes est\u00e1n satisfechos con los resultados de la formaci\u00f3n. Tambi\u00e9n ofrecemos un equipo de instructores y profesores altamente cualificados que han formado a un gran n\u00famero de personas en primeros auxilios.&nbsp;&nbsp;<\/p>\n\n\n<div class=\"wp-block-image\">\n<figure class=\"alignleft size-large is-resized\"><a href=\"https:\/\/szkolenia-udt.pl\/wp-content\/uploads\/2023\/05\/screen_2x-2023-05-22T151527.656.jpg\"><img loading=\"lazy\" decoding=\"async\" src=\"https:\/\/szkolenia-udt.pl\/wp-content\/uploads\/2023\/05\/screen_2x-2023-05-22T151527.656-1024x684.jpg\" alt=\"Grupo de formaci\u00f3n\" class=\"wp-image-5237\" width=\"512\" height=\"342\" srcset=\"https:\/\/szkolenia-udt.pl\/wp-content\/uploads\/2023\/05\/screen_2x-2023-05-22T151527.656-1024x684.jpg 1024w, https:\/\/szkolenia-udt.pl\/wp-content\/uploads\/2023\/05\/screen_2x-2023-05-22T151527.656-300x200.jpg 300w, https:\/\/szkolenia-udt.pl\/wp-content\/uploads\/2023\/05\/screen_2x-2023-05-22T151527.656-768x513.jpg 768w, https:\/\/szkolenia-udt.pl\/wp-content\/uploads\/2023\/05\/screen_2x-2023-05-22T151527.656-1536x1025.jpg 1536w, https:\/\/szkolenia-udt.pl\/wp-content\/uploads\/2023\/05\/screen_2x-2023-05-22T151527.656-18x12.jpg 18w, https:\/\/szkolenia-udt.pl\/wp-content\/uploads\/2023\/05\/screen_2x-2023-05-22T151527.656.jpg 1600w\" sizes=\"auto, (max-width: 512px) 100vw, 512px\" \/><\/a><\/figure>\n<\/div>\n\n\n<h2 class=\"wp-block-heading\">\u00bfC\u00f3mo inscribirse?\u00a0<\/h2>\n\n\n\n<p>Ofrecemos varias fechas en muchas ciudades, detalles <a href=\"https:\/\/szkolenia-udt.pl\/es\/oferta\/\">nuestra oferta<\/a> en la p\u00e1gina web de la OSC. Tambi\u00e9n ofrecemos la posibilidad de llegar a pueblos y ciudades de toda Polonia para cursos especiales de formaci\u00f3n cerrados para grupos de formaci\u00f3n seleccionados. Por nuestra parte, garantizamos precios atractivos y el m\u00e1ximo nivel did\u00e1ctico. Usted decide la fecha exacta de la formaci\u00f3n, nosotros nos adaptamos a su horario. Los precios son una cuesti\u00f3n de elecci\u00f3n individual, pero por nuestra parte ofrecemos descuentos en caso de reunir un grupo suficientemente grande.&nbsp;&nbsp;<\/p>\n\n\n\n<p>Llame ahora y solicite todos los detalles. &nbsp;<\/p>\n\n\n<div class=\"wp-block-image\">\n<figure class=\"aligncenter\"><a href=\"https:\/\/szkolenia-udt.pl\/wp-content\/uploads\/2022\/08\/0093-oso.edu_.pl_.jpg\"><img loading=\"lazy\" decoding=\"async\" width=\"1024\" height=\"853\" src=\"https:\/\/szkolenia-udt.pl\/wp-content\/uploads\/2022\/08\/0093-oso.edu_.pl_-1024x853.jpg\" alt=\"\" class=\"wp-image-3198\" srcset=\"https:\/\/szkolenia-udt.pl\/wp-content\/uploads\/2022\/08\/0093-oso.edu_.pl_-1024x853.jpg 1024w, https:\/\/szkolenia-udt.pl\/wp-content\/uploads\/2022\/08\/0093-oso.edu_.pl_-300x250.jpg 300w, https:\/\/szkolenia-udt.pl\/wp-content\/uploads\/2022\/08\/0093-oso.edu_.pl_-768x640.jpg 768w, https:\/\/szkolenia-udt.pl\/wp-content\/uploads\/2022\/08\/0093-oso.edu_.pl_-14x12.jpg 14w, https:\/\/szkolenia-udt.pl\/wp-content\/uploads\/2022\/08\/0093-oso.edu_.pl_.jpg 1200w\" sizes=\"auto, (max-width: 1024px) 100vw, 1024px\" \/><\/a><\/figure>\n<\/div>","protected":false},"excerpt":{"rendered":"<p>Dbamy o rozw\u00f3j\u00a0 Nasza firma prowadzi rozmaite szkolenia od lat, kt\u00f3re przekazuj\u0105 profesjonaln\u0105 wiedz\u0119 naszym kursantom. Od Ciebie zale\u017cy, czy chcesz wys\u0142a\u0107 swojego pracownika w\u0142a\u015bnie do nas, by uzyska\u0142 potrzebn\u0105 z perspektywy pracodawcy wiedz\u0119. Jak m\u00f3wi Kodeks Pracy, niezb\u0119dne jest, by w miejscu pracy zapewni\u0107 wszelkie potrzebne \u015brodki w momencie wyst\u0105pienia po\u017car\u00f3w, konieczno\u015bci ewakuowania si\u0119 [&hellip;]<\/p>\n","protected":false},"author":10,"featured_media":3193,"parent":2739,"menu_order":0,"comment_status":"closed","ping_status":"closed","template":"","meta":{"footnotes":""},"class_list":["post-3192","page","type-page","status-publish","has-post-thumbnail","hentry"],"aioseo_notices":[],"_links":{"self":[{"href":"https:\/\/szkolenia-udt.pl\/es\/wp-json\/wp\/v2\/pages\/3192","targetHints":{"allow":["GET"]}}],"collection":[{"href":"https:\/\/szkolenia-udt.pl\/es\/wp-json\/wp\/v2\/pages"}],"about":[{"href":"https:\/\/szkolenia-udt.pl\/es\/wp-json\/wp\/v2\/types\/page"}],"author":[{"embeddable":true,"href":"https:\/\/szkolenia-udt.pl\/es\/wp-json\/wp\/v2\/users\/10"}],"replies":[{"embeddable":true,"href":"https:\/\/szkolenia-udt.pl\/es\/wp-json\/wp\/v2\/comments?post=3192"}],"version-history":[{"count":8,"href":"https:\/\/szkolenia-udt.pl\/es\/wp-json\/wp\/v2\/pages\/3192\/revisions"}],"predecessor-version":[{"id":5238,"href":"https:\/\/szkolenia-udt.pl\/es\/wp-json\/wp\/v2\/pages\/3192\/revisions\/5238"}],"up":[{"embeddable":true,"href":"https:\/\/szkolenia-udt.pl\/es\/wp-json\/wp\/v2\/pages\/2739"}],"wp:featuredmedia":[{"embeddable":true,"href":"https:\/\/szkolenia-udt.pl\/es\/wp-json\/wp\/v2\/media\/3193"}],"wp:attachment":[{"href":"https:\/\/szkolenia-udt.pl\/es\/wp-json\/wp\/v2\/media?parent=3192"}],"curies":[{"name":"wp","href":"https:\/\/api.w.org\/{rel}","templated":true}]}}

Formación en salud y seguridad en el trabajo

<h2 class="wp-block-heading">Nos preocupamos por el desarrollo </h2>



<p>Nuestra empresa lleva años impartiendo diversos cursos de formación y transmitiendo conocimientos profesionales a nuestros alumnos. A usted le corresponde decidir si desea enviarnos a su empleado para que obtenga los conocimientos necesarios desde la perspectiva de un empresario. Como dice el Código Laboral, es esencial que en el lugar de trabajo se tomen todas las medidas necesarias en caso de incendio, necesidad de evacuación o percances repentinos entre la plantilla. Además, debe designarse un grupo específico de empleados que puedan llevar a cabo tales procedimientos de rescate. Por eso es tan importante una formación adecuada en este ámbito. &nbsp;</p>



<h2 class="wp-block-heading">Formación de alto nivel </h2>



<p>Ofrecemos formación profesional para sus empleados. Remitirles a la formación de nuestra empresa les garantizará un alto nivel de aprendizaje. Nuestro programa "Primeros auxilios en emergencias vitales y sanitarias" les prepara para actuar en situaciones de emergencia que requieran una actuación inmediata. Para inscribirse en un curso, póngase en contacto con nosotros. Tenemos una sucursal en la mayoría de las ciudades polacas, y nos desplazamos al lugar indicado previa solicitud.&nbsp;</p>


<div class="wp-block-image">
<figure class="alignright size-large is-resized"><a href="https://szkolenia-udt.pl/wp-content/uploads/2023/05/screen_2x-2023-05-22T151512.006.jpg"><img loading="lazy" decoding="async" src="https://szkolenia-udt.pl/wp-content/uploads/2023/05/screen_2x-2023-05-22T151512.006-1024x684.jpg" alt="Botiquín de primeros auxilios" class="wp-image-5236" width="512" height="342" srcset="https://szkolenia-udt.pl/wp-content/uploads/2023/05/screen_2x-2023-05-22T151512.006-1024x684.jpg 1024w, https://szkolenia-udt.pl/wp-content/uploads/2023/05/screen_2x-2023-05-22T151512.006-300x200.jpg 300w, https://szkolenia-udt.pl/wp-content/uploads/2023/05/screen_2x-2023-05-22T151512.006-768x513.jpg 768w, https://szkolenia-udt.pl/wp-content/uploads/2023/05/screen_2x-2023-05-22T151512.006-1536x1025.jpg 1536w, https://szkolenia-udt.pl/wp-content/uploads/2023/05/screen_2x-2023-05-22T151512.006-18x12.jpg 18w, https://szkolenia-udt.pl/wp-content/uploads/2023/05/screen_2x-2023-05-22T151512.006.jpg 1600w" sizes="auto, (max-width: 512px) 100vw, 512px" /></a></figure>
</div>


<ul class="wp-block-list">
<li>Hacemos todo lo posible por impartir conocimientos valiosos y preparar a nuestros alumnos para que se enfrenten a situaciones críticas. Por eso la formación que ofrecemos incluye una parte práctica y otra teórica. Las clases de teoría consisten en:&nbsp;</li>



<li>Normativa y legislación,&nbsp;</li>



<li>Instrucciones sobre cómo llamar para obtener la asistencia adecuada con una lista de números necesarios,&nbsp;</li>



<li>Explicaciones sobre qué hacer en caso de evacuación,&nbsp;</li>



<li>Principios para asegurar el entorno de la persona lesionada,&nbsp;</li>



<li>Comportamiento en caso de lesiones diversas (fracturas, quemaduras, accidentes cerebrovasculares, etc.), </li>



<li>Comportamiento ante los riesgos de la vida y la salud (intoxicación, desmayo, infarto, parálisis),&nbsp;</li>



<li>Instrucciones para evaluar las constantes vitales de un herido.&nbsp;</li>
</ul>



<p>La parte práctica, importante complemento de la teoría, incluye:&nbsp;</p>



<ul class="wp-block-list">
<li>Aprender a comportarse en casos de accidentes de tráfico, descargas eléctricas, ahogos, desmayos, lesiones en las extremidades o en las vértebras o atragantamientos,&nbsp;</li>



<li>Instrucciones para colocar al herido en posición lateral de seguridad,&nbsp;</li>



<li>Organizar la evacuación de la zona afectada,&nbsp;</li>



<li>Realización de reanimación (RCP).&nbsp;</li>
</ul>



<figure class="wp-block-table"><table><tbody><tr><td>Etapa del curso práctico&nbsp;</td><td>Formación en RCP (Parte I)&nbsp;&nbsp;</td><td>Organización de la evacuación (Parte II)&nbsp;&nbsp;</td><td>Aprender a lidiar con diferentes situaciones (Parte III)&nbsp;&nbsp;</td></tr><tr><td>Lugar de formación&nbsp;</td><td>Sala de prácticas&nbsp;</td><td>Interior del edificio <a href="https://szkolenia-udt.pl/es/o-firmie/">centro</a>&nbsp;</td><td>Sala de prácticas&nbsp;</td></tr></tbody></table></figure>



<h2 class="wp-block-heading">Necesidad de formación </h2>



<p>Probablemente la mayoría de nosotros nos hemos preguntado alguna vez: "¿Qué pasaría si me encontrara en una situación en la que tuviera que salvar la vida de alguien? - nuestra formación viene acompañada de una respuesta a esta pregunta. Situaciones como ésta pueden ocurrirle a cualquiera todos los días, así que vale la pena conocer los principios de los primeros auxilios para uno mismo y para los suyos, pero también para poder ayudarles en el trabajo si es necesario. Nunca sabemos cuándo alguien a nuestro lado necesitará ayuda rápida antes de que lleguen los servicios adecuados. </p>



<h2 class="wp-block-heading">Nos adaptamos a usted </h2>



<p>Algo que diferencia a nuestros cursos del resto es la gran flexibilidad para adaptarse a sus necesidades. Intentaremos ampliar los temas de nuestras clases para incluir los peligros específicos que aguardan en su empresa. Tendremos en cuenta los lugares de trabajo individuales e intentaremos preparar un curso para cualquier puesto elegido por el cliente. <a href="https://szkolenia-udt.pl/es/kursy/">Nuestra formación</a> se dividen en abiertos y cerrados. Las primeras se aplican a todos los que estén interesados en adquirir conocimientos especializados con nosotros, mientras que las segundas están abiertas a grupos seleccionados enviados por sus superiores o instituciones especializadas. Nuestra infraestructura es rica en diferentes tipos de salas de formación, diversos accesorios o maniquíes especialmente fabricados para el aprendizaje de la RCP. Como resultado, la experiencia de aprendizaje da excelentes resultados y nuestros clientes están satisfechos con los resultados de la formación. También ofrecemos un equipo de instructores y profesores altamente cualificados que han formado a un gran número de personas en primeros auxilios.&nbsp;&nbsp;</p>


<div class="wp-block-image">
<figure class="alignleft size-large is-resized"><a href="https://szkolenia-udt.pl/wp-content/uploads/2023/05/screen_2x-2023-05-22T151527.656.jpg"><img loading="lazy" decoding="async" src="https://szkolenia-udt.pl/wp-content/uploads/2023/05/screen_2x-2023-05-22T151527.656-1024x684.jpg" alt="Grupo de formación" class="wp-image-5237" width="512" height="342" srcset="https://szkolenia-udt.pl/wp-content/uploads/2023/05/screen_2x-2023-05-22T151527.656-1024x684.jpg 1024w, https://szkolenia-udt.pl/wp-content/uploads/2023/05/screen_2x-2023-05-22T151527.656-300x200.jpg 300w, https://szkolenia-udt.pl/wp-content/uploads/2023/05/screen_2x-2023-05-22T151527.656-768x513.jpg 768w, https://szkolenia-udt.pl/wp-content/uploads/2023/05/screen_2x-2023-05-22T151527.656-1536x1025.jpg 1536w, https://szkolenia-udt.pl/wp-content/uploads/2023/05/screen_2x-2023-05-22T151527.656-18x12.jpg 18w, https://szkolenia-udt.pl/wp-content/uploads/2023/05/screen_2x-2023-05-22T151527.656.jpg 1600w" sizes="auto, (max-width: 512px) 100vw, 512px" /></a></figure>
</div>


<h2 class="wp-block-heading">¿Cómo inscribirse? </h2>



<p>Ofrecemos varias fechas en muchas ciudades, detalles <a href="https://szkolenia-udt.pl/es/oferta/">nuestra oferta</a> en la página web de la OSC. También ofrecemos la posibilidad de llegar a pueblos y ciudades de toda Polonia para cursos especiales de formación cerrados para grupos de formación seleccionados. Por nuestra parte, garantizamos precios atractivos y el máximo nivel didáctico. Usted decide la fecha exacta de la formación, nosotros nos adaptamos a su horario. Los precios son una cuestión de elección individual, pero por nuestra parte ofrecemos descuentos en caso de reunir un grupo suficientemente grande.&nbsp;&nbsp;</p>



<p>Llame ahora y solicite todos los detalles. &nbsp;</p>


<div class="wp-block-image">
<figure class="aligncenter"><a href="https://szkolenia-udt.pl/wp-content/uploads/2022/08/0093-oso.edu_.pl_.jpg"><img loading="lazy" decoding="async" width="1024" height="853" src="https://szkolenia-udt.pl/wp-content/uploads/2022/08/0093-oso.edu_.pl_-1024x853.jpg" alt="" class="wp-image-3198" srcset="https://szkolenia-udt.pl/wp-content/uploads/2022/08/0093-oso.edu_.pl_-1024x853.jpg 1024w, https://szkolenia-udt.pl/wp-content/uploads/2022/08/0093-oso.edu_.pl_-300x250.jpg 300w, https://szkolenia-udt.pl/wp-content/uploads/2022/08/0093-oso.edu_.pl_-768x640.jpg 768w, https://szkolenia-udt.pl/wp-content/uploads/2022/08/0093-oso.edu_.pl_-14x12.jpg 14w, https://szkolenia-udt.pl/wp-content/uploads/2022/08/0093-oso.edu_.pl_.jpg 1200w" sizes="auto, (max-width: 1024px) 100vw, 1024px" /></a></figure>
</div>

<p>Dbamy o rozwój  Nasza firma prowadzi rozmaite szkolenia od lat, które przekazują profesjonalną wiedzę naszym kursantom. Od Ciebie zależy, czy chcesz wysłać swojego pracownika właśnie do nas, by uzyskał potrzebną z perspektywy pracodawcy wiedzę. Jak mówi Kodeks Pracy, niezbędne jest, by w miejscu pracy zapewnić wszelkie potrzebne środki w momencie wystąpienia pożarów, konieczności ewakuowania się [&hellip;]</p>
